{"id":1596,"date":"2020-05-08T17:06:01","date_gmt":"2020-05-08T15:06:01","guid":{"rendered":"https:\/\/advokatskakancelarijajecmenica.com\/?page_id=1596"},"modified":"2020-05-15T14:49:02","modified_gmt":"2020-05-15T12:49:02","slug":"le-droit-du-travail","status":"publish","type":"page","link":"https:\/\/advokatskakancelarijajecmenica.com\/fr\/le-droit-du-travail\/","title":{"rendered":"LE DROIT DU TRAVAIL"},"content":{"rendered":"<p>[vc_row][vc_column][vc_column_text]<\/p>\n<p style=\"text-align: justify;\"><span style=\"font-size: 17px; color: #000000;\">Le cabinet d\u2019avocat \u00e0 Belgrade Ivan R. Je\u010dmenica est sp\u00e9cialis\u00e9 dans la mati\u00e8re de droit du travail. Le droit du travail r\u00e8gle la relation juridique entre l\u2019employeur qui donne le travail et l\u2019salair\u00e9 qui effectue le travail.<\/span><\/p>\n<p style=\"text-align: justify;\"><span style=\"font-size: 17px; color: #000000;\">Nous offrons aux soci\u00e9t\u00e9s complet assistance juridique dans la mati\u00e8re de droit du travail dont s\u2019agit des suivantes actions:<\/span><\/p>\n<ul>\n<li style=\"text-align: justify;\"><em><span style=\"font-size: 18px; color: #000000;\">R\u00e9daction un contrat du travail (contrat \u00e0 dur\u00e9e d\u00e9termin\u00e9e et contrat \u00e0 dur\u00e9e ind\u00e9termin\u00e9e)<\/span><\/em><\/li>\n<li style=\"text-align: justify;\"><em><span style=\"font-size: 18px; color: #000000;\">R\u00e9daction un r\u00e8glement int\u00e9rieur<\/span><\/em><\/li>\n<li style=\"text-align: justify;\"><em><span style=\"font-size: 18px; color: #000000;\">R\u00e9daction les modifications du contrat de travail et des conditions de travail<\/span><\/em><\/li>\n<li style=\"text-align: justify;\"><em><span style=\"font-size: 18px; color: #000000;\">Donnation un consiel juridique relative de la proc\u00e9dure du licenciement (le licenciement pour motif personnel, le licenciement pour motif disciplinaire et le licenciement pour motif \u00e9conomique)<\/span><\/em><\/li>\n<li style=\"text-align: justify;\"><em><span style=\"font-size: 18px; color: #000000;\">R\u00e9daction la notification \u00e9crite des motifs du licenciement et la lettre de licenciement<\/span><\/em><\/li>\n<li style=\"text-align: justify;\"><em><span style=\"font-size: 18px; color: #000000;\">R\u00e9presentation \u00a0l\u2019employeur (soci\u00e9t\u00e9) devant le tribunal pandent un litige d\u2019emploi<\/span><\/em><\/li>\n<li style=\"text-align: justify;\"><em><span style=\"font-size: 18px; color: #000000;\">Toutes autres actions juridique dans la mati\u00e8re de droit du travail<\/span><\/em><\/li>\n<\/ul>\n<p>[\/vc_column_text][\/vc_column][\/vc_row]<\/p>\n","protected":false},"excerpt":{"rendered":"<p>[vc_row][vc_column][vc_column_text] Le cabinet d\u2019avocat \u00e0 Belgrade Ivan R. Je\u010dmenica est sp\u00e9cialis\u00e9 dans la mati\u00e8re de droit du travail. Le droit du travail r\u00e8gle la relation juridique entre l\u2019employeur qui donne le travail et l\u2019salair\u00e9 qui effectue le travail. Nous offrons aux soci\u00e9t\u00e9s complet assistance juridique dans la mati\u00e8re de droit du travail dont s\u2019agit des [&hellip;]<\/p>\n","protected":false},"author":1,"featured_media":1597,"parent":0,"menu_order":0,"comment_status":"closed","ping_status":"closed","template":"","meta":{"footnotes":""},"class_list":["post-1596","page","type-page","status-publish","has-post-thumbnail","hentry"],"_links":{"self":[{"href":"https:\/\/advokatskakancelarijajecmenica.com\/fr\/wp-json\/wp\/v2\/pages\/1596","targetHints":{"allow":["GET"]}}],"collection":[{"href":"https:\/\/advokatskakancelarijajecmenica.com\/fr\/wp-json\/wp\/v2\/pages"}],"about":[{"href":"https:\/\/advokatskakancelarijajecmenica.com\/fr\/wp-json\/wp\/v2\/types\/page"}],"author":[{"embeddable":true,"href":"https:\/\/advokatskakancelarijajecmenica.com\/fr\/wp-json\/wp\/v2\/users\/1"}],"replies":[{"embeddable":true,"href":"https:\/\/advokatskakancelarijajecmenica.com\/fr\/wp-json\/wp\/v2\/comments?post=1596"}],"version-history":[{"count":0,"href":"https:\/\/advokatskakancelarijajecmenica.com\/fr\/wp-json\/wp\/v2\/pages\/1596\/revisions"}],"wp:featuredmedia":[{"embeddable":true,"href":"https:\/\/advokatskakancelarijajecmenica.com\/fr\/wp-json\/wp\/v2\/media\/1597"}],"wp:attachment":[{"href":"https:\/\/advokatskakancelarijajecmenica.com\/fr\/wp-json\/wp\/v2\/media?parent=1596"}],"curies":[{"name":"wp","href":"https:\/\/api.w.org\/{rel}","templated":true}]}}

<p>[vc_row][vc_column][vc_column_text]</p>
<p style="text-align: justify;"><span style="font-size: 17px; color: #000000;">Le cabinet d’avocat à Belgrade Ivan R. Ječmenica est spécialisé dans la matière de droit du travail. Le droit du travail règle la relation juridique entre l’employeur qui donne le travail et l’salairé qui effectue le travail.</span></p>
<p style="text-align: justify;"><span style="font-size: 17px; color: #000000;">Nous offrons aux sociétés complet assistance juridique dans la matière de droit du travail dont s’agit des suivantes actions:</span></p>
<ul>
<li style="text-align: justify;"><em><span style="font-size: 18px; color: #000000;">Rédaction un contrat du travail (contrat à durée déterminée et contrat à durée indéterminée)</span></em></li>
<li style="text-align: justify;"><em><span style="font-size: 18px; color: #000000;">Rédaction un règlement intérieur</span></em></li>
<li style="text-align: justify;"><em><span style="font-size: 18px; color: #000000;">Rédaction les modifications du contrat de travail et des conditions de travail</span></em></li>
<li style="text-align: justify;"><em><span style="font-size: 18px; color: #000000;">Donnation un consiel juridique relative de la procédure du licenciement (le licenciement pour motif personnel, le licenciement pour motif disciplinaire et le licenciement pour motif économique)</span></em></li>
<li style="text-align: justify;"><em><span style="font-size: 18px; color: #000000;">Rédaction la notification écrite des motifs du licenciement et la lettre de licenciement</span></em></li>
<li style="text-align: justify;"><em><span style="font-size: 18px; color: #000000;">Répresentation  l’employeur (société) devant le tribunal pandent un litige d’emploi</span></em></li>
<li style="text-align: justify;"><em><span style="font-size: 18px; color: #000000;">Toutes autres actions juridique dans la matière de droit du travail</span></em></li>
</ul>
<p>[/vc_column_text][/vc_column][/vc_row]</p>

<p>[vc_row][vc_column][vc_column_text] Le cabinet d’avocat à Belgrade Ivan R. Ječmenica est spécialisé dans la matière de droit du travail. Le droit du travail règle la relation juridique entre l’employeur qui donne le travail et l’salairé qui effectue le travail. Nous offrons aux sociétés complet assistance juridique dans la matière de droit du travail dont s’agit des [&hellip;]</p>
